
False
Is 6653 a factor of 499053676?
False
Does 298 divide 49079414?
False
Does 870 divide 33591570?
True
Is 181 a factor of 475294413?
False
Does 1494 divide 2810319557?
False
Does 153 divide 98819334?
True
Is 30 a factor of 3104711963?
False
Is 6622 a factor of 587012193?
False
Does 732 divide 155057364?
True
Is 10 a factor of 1656411830?
True
Is 33805239 a multiple of 5?
False
Is 2550621676 a multiple of 40?
False
Is 7 a factor of 89033602?
True
Is 220126760 a multiple of 40?
True
Is 130 a factor of 103715517?
False
Is 98162715 a multiple of 16?
False
Does 1084 divide 366902564?
True
Does 1058 divide 279163649?
False
Is 46489940 a multiple of 140?
True
Is 945 a factor of 26989200?
True
Is 59515646 a multiple of 22?
False
Is 192 a factor of 6414603?
False
Does 30 divide 1657790535?
False
Is 539490700 a multiple of 117?
False
Is 481 a factor of 78744991?
True
Is 976733407 a multiple of 33?
False
Is 759872866 a multiple of 4874?
False
Does 6 divide 73224523?
False
Does 10 divide 42362645?
False
Does 1769 divide 39404475?
True
Is 100738634 a multiple of 71?
True
Does 3 divide 412282321?
False
Does 13 divide 171569207?
False
Does 13 divide 345513259?
True
Is 3346 a factor of 1554531524?
True
Is 289317645 a multiple of 15?
True
Does 142 divide 30243519?
False
Is 23 a factor of 3332234418?
False
Is 21 a factor of 1657656?
True
Is 1035765408 a multiple of 24?
True
Does 157 divide 43452262?
True
Is 96271086 a multiple of 73?
True
Is 254221892 a multiple of 14?
False
Is 204392568 a multiple of 21?
False
Is 132552576 a multiple of 18?
True
Is 440770229 a multiple of 43?
False
Is 25 a factor of 25189072?
False
Is 2818130 a multiple of 15?
False
Does 15 divide 51602248?
False
Is 29661726 a multiple of 58?
False
Is 228340512 a multiple of 216?
True
Does 3251 divide 1022933627?
False
Is 722 a factor of 5354317041?
False
Does 553 divide 102728045?
True
Does 122 divide 197679650?
True
Is 689002502 a multiple of 86?
True
Is 11983951 a multiple of 620?
False
Does 810 divide 259630920?
True
Is 1500673995 a multiple of 15?
True
Is 928602 a multiple of 23?
True
Is 84873973 a multiple of 133?
False
Does 349 divide 40967232?
False
Does 3 divide 687745?
False
Is 161161015 a multiple of 5?
True
Is 161 a factor of 185252718?
True
Is 266211783 a multiple of 8917?
False
Is 12541385 a multiple of 2413?
False
Does 44 divide 1397493906?
False
Does 20 divide 29283980?
True
Is 11071385 a multiple of 2571?
False
Is 368467047 a multiple of 86?
False
Does 62 divide 53513378?
True
Does 220 divide 643737943?
False
Is 805 a factor of 970614260?
True
Does 2200 divide 166076289?
False
Does 2006 divide 74330958?
False
Does 485 divide 53133956?
False
Is 59 a factor of 77988731?
False
Does 103 divide 24856475?
True
Is 153 a factor of 257941017?
True
Is 2169630848 a multiple of 34?
True
Does 151 divide 858529100?
False
Does 8 divide 13267158?
False
Is 36 a factor of 163219695?
False
Is 34314472 a multiple of 1736?
False
Is 214515336 a multiple of 2298?
False
Is 33 a factor of 68644378?
False
Does 10 divide 7518340?
True
Is 322 a factor of 42959952?
True
Does 923 divide 1432085265?
True
Is 507 a factor of 127396065?
False
Is 451222086 a multiple of 399?
False
Does 3797 divide 2673269110?
False
Does 6 divide 12992636?
False
Does 64 divide 12612684?
False
Does 537 divide 795530824?
False
Is 119 a factor of 112801082?
False
Is 29 a factor of 281301181?
False
Does 449 divide 42342745?
False
Is 3646 a factor of 154948108?
False
Is 19090386 a multiple of 889?
True
Is 35 a factor of 300841520?
True
Is 46 a factor of 6934581?
False
Does 547 divide 5017084?
True
Does 2132 divide 158580292?
True
Is 52 a factor of 122281900?
True
Is 57380616 a multiple of 24?
True
Is 19414434 a multiple of 6?
True
Does 39 divide 5635968?
True
Does 1257 divide 80036899?
False
Is 3767 a factor of 339425535?
True
Is 9 a factor of 23126535?
True
Is 9 a factor of 82722638?
False
Is 64 a factor of 866044046?
False
Is 31284043 a multiple of 125?
False
Is 153861858 a multiple of 207?
True
Is 4415 a factor of 3377483830?
True
Is 75 a factor of 8778445?
False
Is 4 a factor of 286459278?
False
Does 1377 divide 200342484?
True
Is 11323 a factor of 2148731741?
True
Is 10469924 a multiple of 240?
False
Is 8616310 a multiple of 202?
True
Does 183 divide 134779485?
False
Is 1460432130 a multiple of 10?
True
Is 8221 a factor of 464411114?
False
Does 30 divide 687554200?
False
Is 107 a factor of 479207834?
False
Is 2736133776 a multiple of 56?
False
Is 8817881 a multiple of 19?
True
Does 503 divide 20322709?
True
Does 12 divide 95556557?
False
Does 10 divide 25897220?
True
Is 1386370644 a multiple of 1705?
False
Is 37618335 a multiple of 45?
True
Does 17 divide 329202875?
True
Does 906 divide 893382138?
True
Is 3 a factor of 678453732?
True
Is 8 a factor of 1392460?
False
Is 898 a factor of 83195524?
False
Is 108 a factor of 625056553?
False
Is 219796360 a multiple of 7?
True
Is 37038672 a multiple of 1608?
True
Is 6 a factor of 164816112?
True
Is 538 a factor of 297246614?
True
Is 54 a factor of 62121904?
False
Does 83 divide 713711051?
False
Is 14247240 a multiple of 70?
True
Does 1011 divide 253921437?
False
Is 3 a factor of 47529450?
True
Does 54 divide 38581488?
True
Is 4061606290 a multiple of 7?
True
Does 96 divide 422033403?
False
Is 3850962806 a multiple of 5116?
False
Does 191 divide 482712390?
True
Is 6 a factor of 1993120296?
True
Is 4 a factor of 5670779?
False
Is 66 a factor of 2105664?
True
Is 110335355 a multiple of 221?
True
Is 3258 a factor of 183425400?
True
Is 357 a factor of 8200226?
False
Does 6233 divide 826009626?
True
Is 414 a factor of 13123800?
True
Is 399607318 a multiple of 22?
True
Does 85 divide 8812035?
True
Is 217345295 a multiple of 26?
False
Is 49288442 a multiple of 12?
False
Is 63 a factor of 254616?
False
Is 562172453 a multiple of 29?
True
Is 1768036335 a multiple of 65?
True
Is 207 a factor of 35458969?
False
Is 249993118 a multiple of 289?
False
Does 24 divide 2067672250?
False
Does 208 divide 30027712?
True
Does 2210 divide 15008110?
True
Is 2028416 a multiple of 368?
True
Is 202382299 a multiple of 21?
False
Does 508 divide 29151580?
True
Does 64 divide 38574208?
True
Is 186115530 a multiple of 16?
False
Is 27692191 a multiple of 2506?
False
Is 853 a factor of 20364522?
True
Is 3150584940 a multiple of 6612?
True
Is 5 a factor of 81565452?
False
Does 442 divide 72468410?
False
Is 66078054 a multiple of 42?
True
Is 282800263 a multiple of 5?
False
Does 11363 divide 4294748117?
True
Does 30 divide 188122140?
True
Is 265 a factor of 45155946?
False
Is 583346302 a multiple of 14?
True
Does 1392 divide 21658128?
True
Is 188702514 a multiple of 702?
True
Is 44748143 a multiple of 11?
True
Is 166 a factor of 46978996?
True
Does 8 divide 461350260?
False
Is 52026 a multiple of 29?
True
Is 21 a factor of 64717838?
False
Is 17 a factor of 463811?
True
Is 14189912 a multiple of 107?
True
Is 35 a factor of 901650435?
True
Does 9 divide 2291953?
False
Is 89673514 a multiple of 17?
False
Does 81 divide 70602435?
True
Does 2060 divide 25039300?
True
Does 1535 divide 12963075?
True
Is 1027032927 a multiple of 163?
False
Does 342 divide 33942243?
False
Is 11922020 a multiple of 93?
False
Is 11 a factor of 35517735?
True
Is 6348 a factor of 899466012?
False
Is 4803 a factor of 2059329956?
False
Is 6 a factor of 472553646?
True
Does 34 divide 27225677?
False
Is 15710058 even?
True
Is 267117912 a multiple of 4?
True
Does 120 divide 22015560?
True
Does 187 divide 10723889?
True
Is 177285171 a multiple of 3?
True
Is 12 a factor of 1421148?
True
Is 20175048 a multiple of 786?
True
Does 406 divide 147294770?
True
Is 777165592 a multiple of 75?
False
Is 4331109 a multiple of 37?
True
Is 24382633 a multiple of 96?
False
Is 352653294 a multiple of 14?
True
Does 625 divide 3274513071?
False
Is 3439302617 a multiple of 402?
False
Does 9 divide 43537380?
False
Is 8 a factor of 541984?
True
Is 4 a factor of 21130351?
False
Is 8 a factor of 19068855?
False
Is 417 a factor of 17525676?
True
Does 1598 divide 1473758696?
True
Does 11 divide 70742199?
True
Is 18 a factor of 1007988255?
False
Is 393 a factor of 1990967767?
False
Is 11 a factor of 690765240?
True
Does 100 divide 22032354?
False
Is 1371264 a multiple of 1